1)/v*8)/(-2). Give y(c).
-11
Let a = 19 - 9. Let u(l) = 0*l + 0*l + l + a + 17 - 17. Give u(-11).
-1
Let u(l) = -l + 0 + 1 - 1 - 5. Let g(j) = -10*j - 36. Let c be g(-6). Suppose p + 20 = c. Calculate u(p).
-9
Let q(m) = 13*m + 16 + 12*m + 7*m + 10*m - 4*m**2. Calculate q(11).
-6
Let q(c) = -8*c + 20. Suppose -3*w + 27 = -3*o, 0 = 8*o - 4*o + 4*w + 4. Determine q(o).
60
Let r(j) = 5*j - 3. Suppose -6*o - 438 = -8*o - d, o - 3*d = 226. Let b = o - 223. Give r(b).
-18
Let z = 423 - 408. Suppose 7*g = -z + 57. Let f(a) = -a**2 + 4*a - 11. Give f(g).
-23
Suppose 365*h + 560 = -170. Let w(b) = -b**3 + 2*b**2 + b - 1. Determine w(h).
13
Let t = 82 - 80. Suppose 12*f + t = 13*f. Suppose 2*a - 4*q = q - 23, 2*a + f*q = 12. Let z(u) = 12*u. Give z(a).
12
Let d(w) = -19*w**2 - 93*w + 281. Let a(b) = -12*b**2 - 60*b + 188. Let h(o) = -8*a(o) + 5*d(o). What is h(5)?
1
Let a(g) = g**3 + 30*g**2 - 35*g - 130. Let m be a(-31). Let i(w) = 2*w**2 + 11*w - 2. Give i(m).
4
Let g(x) be the second derivative of -23*x**3/6 + 29*x**2 - 2473*x. What is g(3)?
-11
Let y(n) = n**2 + 10*n + 6. Let a = 181 + -185. Let b be a + (441/(-9))/7. Determine y(b).
17
Let h be (16/(-10))/((-70)/175). Suppose 0 = 2*q + h*r - 7 - 25, -1 = 4*q - 5*r. Let p(x) = x**2 - 6*x - 2. Determine p(q).
-2
Suppose -177*c = -172*c - 20. Let q(n) = 27*n - 20. Let d(g) = -74*g + 59. Let y(z) = c*d(z) + 11*q(z). Give y(-14).
2
Let j(f) = 224*f - 676. Let z be j(3). Let k(w) = -2*w**3 - 8*w**2 - 7*w - 26. What is k(z)?
2
Let p(x) be the first derivative of -x**2 - 69*x + 5022. Determine p(0).
-69
Let n(q) = 3*q**2 - q. Let x be (-1)/3 + 175/(-15). Let k be (20/240)/((-1)/x). Give n(k).
2
Let u = -12 + 14. Let w(i) = -4*i**2 + 7*i - 8. Let h(b) be the second derivative of b**4/3 - b**3 + 3*b**2 + 31*b. Let r(v) = 4*h(v) + 3*w(v). Calculate r(u).
10
Let k(x) be the second derivative of x**5/20 + 7*x**4/12 + 5*x**3/2 + 7*x**2/2 + 4*x + 4. Determine k(-3).
-2
Let x(w) = 18*w + 1428*w**2 - 2894*w**2 + 10 + w**3 + 1449*w**2. Determine x(16).
42
Suppose -49*v - 13 - 17 - 68 = 0. Let k = 0 + 6. Let s(i) = i**2 + 5*i + i**2 - k*i + 2. Calculate s(v).
12
Let l(i) be the second derivative of -i**4/12 + i**3/2 - 2*i**2 + 12*i + 136. What is l(0)?
-4
Suppose -17*j - 22*j - j = -240. Let l(h) = -12*h + 76. What is l(j)?
4
Let f be (((-8)/(-4))/(-6))/(6/9)*18. Let x(z) = 5*z + 51. Determine x(f).
6
Let i(s) = -48*s + 8. Let r(x) = 2*x**2 - 661*x + 1317. Let l be r(2). What is i(l)?
-136
Let p(u) = u + 11. Let b be p(-2). Suppose 2*y + b = -3*g, -5*y - 9 = g - 6. Let r(d) = d**3 + 5*d**2 + 5*d + 4. What is r(g)?
7
Let v(z) be the second derivative of z**4/6 + z**3 + 21*z**2/2 - z - 20. Determine v(-8).
101
Let v(p) = p**2 + 9*p + 1. Let u = -629 + 649. Suppose 5*m = 2*q - u, 0 = -13*m + 18*m + 3*q + 45. Calculate v(m).
-17
Let k(c) = c**3 - 15*c**2 + 12*c + 21. Let i be (-84)/(-15)*25/10. Determine k(i).
-7
Let y(c) be the first derivative of c**4/4 + 2*c**3/3 - c**2 + 1. Let f = 121 + -135. Let s be 4/f - 0 - (-114)/(-42). Give y(s).
-3
Let o(s) = s**2 - 12*s + 7. Let t = 3870 - 3860. Give o(t).
-13
Let q(x) = -11*x - 5 - 5*x**2 + 4*x**2 + 25 + 0*x**2 - 10. What is q(-12)?
-2
Let y(h) be the third derivative of -h**4/12 + h**3/3 - 5*h**2. Let n = -109 - -112. Suppose r + r + 18 = -5*m, -n*r = -2*m + 8. Determine y(m).
6
Let p(s) be the second derivative of -20*s**3/3 - 765*s**2/2 + 3966*s. What is p(-19)?
-5
Let u(l) = -19*l**3 - l. Let i(k) = 2*k**2 - 26*k + 31. Let c be i(12). Suppose 2*v - 2*y = -v - c, 0 = v + 4*y - 7. Calculate u(v).
20
Suppose a = -3*k - 6, k - 77 = 2*a - 79. Let m(i) = -2*i + 19. Calculate m(a).
19
Let t(a) = a**2 + 11*a - 9. Let v(j) be the third derivative of j**5/30 + j**3/6 + 92*j**2. Let c(s) = -t(s) + v(s). Calculate c(9).
-8
Let q = 5885 - 5881. Let b(s) be the third derivative of -1/8*s**q + 16*s**2 - 1/120*s**6 + 0*s + 1/2*s**3 + 0 - 7/60*s**5. Determine b(-6).
-15
Suppose 0 = 11*s - 9 - 13. Let g(n) = 575*n**2 - 8*n - 289*n**2 - 8 - 287*n**s. Let k = 13 + -19. Calculate g(k).
4
Let x(c) be the first derivative of -7*c**2/2 - 114*c - 8010. Calculate x(-16).
-2
Let c = -9999 + 10009. Let z(o) = -o**2 + 21*o - 24. Calculate z(c).
86
Let l(p) = -1 - 11*p + 42*p - 66*p - 5. Give l(2).
-76
Let i(u) = 33*u + 30. Suppose -3*m = -15, -474*f = -475*f - 4*m + 20. What is i(f)?
30
Let j(o) = 2*o**3 + o**2. Let q = 25 - 22. Suppose 6*g - 3 = q*g. Determine j(g).
3
Let g(l) = 2*l**3 + 8*l**3 + 7 + 6*l**3 - 15*l**3 - 7*l**2 - 368*l + 350*l. What is g(9)?
7
Let d(o) = o**3 - 9*o**2 - 10*o + 3. Let c(z) = -z**2 + 29*z + 10. Let r = 412 + -383. Let y be c(r). Calculate d(y).
3
Let z(n) be the third derivative of -7*n**4/24 - 133*n**3/3 + 248*n**2 - n - 17. Give z(-42).
28
Let t(g) = -2*g - 7. Let r(d) = d. Let o(j) = 3*r(j) + t(j). Let v be (-5)/(-1) - 4055/(-3244)*24/10. Calculate o(v).
1
Let a(n) = -1727*n**2 + 5209*n**2 - 1736*n**2 + 30*n**3 - 1746*n**2 + 1 - 2*n. Let d = 1 + 0. What is a(d)?
29
Let x be 2 - (3/(-1))/3. Let w(j) be the second derivative of 0 + 3/2*j**2 - 2/3*j**3 - 51*j + 1/6*j**4. Calculate w(x).
9
Let y(f) = 66*f**2 + 7*f - 7. Let u(z) = 4*z**2 + 26*z - 167. Let g be u(4). Give y(g).
66
Suppose -1282 = -23*k - 1466. Let z(v) = -19*v - 162. Determine z(k).
-10
Let m(k) = -k**2 + 7*k + k**3 - k + 3*k - 9 - 10*k. Suppose -3*l = -75 + 42. Let c(s) = s**2 - 15*s + 44. Let h be c(l). Calculate m(h).
-9
Let o(z) = -z**2 - 2*z + 20. Suppose 0 = 4*g + 113*r - 115*r - 2, -r + 20 = 5*g. What is o(g)?
5
Let x(k) = -82 + 22 + k**3 + 18 - k + 25 - 6*k**2 + 19. Let m(w) = -w + 6. Let z be m(0). Determine x(z).
-4
Let t(p) = -p**2 - 6*p + 4. Let x(n) = -n**2 - 7*n + 5. Let z(u) = -3*t(u) + 2*x(u). Suppose 12*h = 2*b + 14*h + 10, 5*h = b + 5. Calculate z(b).
3
Let x(a) be the third derivative of a**6/60 + 2*a**5/5 + a**4/8 + 13*a**3/3 - 328*a**2 - 4*a. What is x(-12)?
-10
Let v(u) = -u**3 + 10*u**2 + 11*u + 7. Let x be v(11). Let h(y) = -34*y - 3 + 10*y + x*y + 10*y. What is h(1)?
-10
Suppose 0*i + 2*i + 10 = -3*h, 4*i + 5*h + 20 = 0. Let p(s) = 4*s - 2. Let z(q) = -11*q + 11. Let r(u) = 3*p(u) + z(u). Determine r(i).
0
Suppose -12*r = 3*v - 14*r + 10, 0 = v + 5*r - 42. Let w(l) be the second derivative of 0*l**v - 15*l + 0 - 1/6*l**3. Calculate w(-1).
1
Let q(u) = -30*u + 74. Let l be q(21). Let s = l + 560. Let r(p) = -5 + 2*p - 3*p**2 + 2*p**2 + 3*p. Give r(s).
-1
Let o(f) = -10*f + 1. Let d be (5 - (1 + 3))*(26 - 1). Let a(b) = -4*b - 7 + 4 + d - b**2. Let p be a(-7). What is o(p)?
-9
Let v(j) = j**3 - 18*j**2 - 6. Suppose -234 = 9*k - 18*k. Suppose 5*n - 4*b + k = 6*n, 5*n - 92 = -b. Calculate v(n).
-6
Let y(p) = p**3 + 5*p**2 - 11*p + 8. Suppose -106 - 23 = 58*r + 277. What is y(r)?
-13
Let y(g) = -2*g - 95. Suppose 11*p + 550 + 33 = 0. Let t be y(p). Let a(w) = -w**3 + 12*w**2 - 13*w + 21. Calculate a(t).
-1
Let b(n) = n**3 + 52*n**2 + 113*n + 642. Let x be b(-50). Let p(k) = 2*k**2 + 15*k - 4. Calculate p(x).
4
Suppose -14*p = -17*p. Suppose 3*u + 0*u + 16 = -4*w, -5*w + u - 39 = p. Let j(s) = s + 10. Calculate j(w).
3
Let x(f) = f**3 + 4*f**2 - 2. Suppose p + 20*y - 39 = 14*y, 4*p + 2*y = 2. Calculate x(p).
7
Suppose 5 = -12*j + 11*j. Let m(c) = 3*c + 13. Let z be m(j). Let b be z/(-9)*-3*-9. Let k(l) = 2*l**2 - 10*l + 6. What is k(b)?
18
Let s(q) = 5*q**2 + 88*q + 37. Let x = -879 - -862. Calculate s(x).
-14
Let b(t) = 9*t**3 - 6*t**2 - 33*t - 49. Let k(x) = 4*x**3 - 3*x**2 - 17*x - 20. Let c(o) = -3*b(o) + 7*k(o). Determine c(6).
-5
Let v(x) = 7 + 0 - 30*x - 13 + 6 + 35*x. Let y(h) = -h**2 - 2*h + 3. Let a be y(-4). What is v(a)?
-25
Let p(m) = -4 + 1 - 4 + 2 - m. Let g(d) = d**3 + 8*d**2 - 2*d - 16. Suppose -4*n + 9*n = -40. Let k be g(n). Calculate p(k).
-5
Let g(r) be the second derivative of -r**4/3 + 8*r**3/3 - 4*r**2 + 2793*r - 1. Determine g(5).
-28
Let k be (3/4)/(2097/22368). Let q(h) = -h**2 + 14*h - 24. Calculate q(k).
24
Suppose 0 = -2*v - m + 3, -6*m = -3*v - m + 11. Let f(u) = -9*u - 3*u + 2*u - v + 9*u + 4*u. Let j = 7 + -4. Calculate f(j).
7
Suppose 0*h - 24 = -5*g - h, h = -1. Suppose w - 3*r + g = 0, 0*r = r + 1. Let a(z) = -z**3 - 8*z**2 - 2*z - 23. Let l be a(w). Let m(d) = -d - 5. What is m(l)?
2
Let h(j) be the first derivative of -j**2/2 - 5*j + 458. Supp